
784
What is the greatest common factor of 15744 and 369?
123
What is the greatest common divisor of 308 and 4235?
77
Calculate the highest common divisor of 64 and 171712.
64
What is the greatest common factor of 105332 and 136?
68
Calculate the highest common factor of 12165 and 255.
15
What is the greatest common factor of 44522 and 394?
394
Calculate the highest common factor of 6 and 12135.
3
What is the greatest common divisor of 56 and 50729?
7
What is the greatest common factor of 201 and 65861?
67
What is the greatest common factor of 18 and 154587?
3
What is the greatest common factor of 5792 and 5824?
32
Calculate the highest common divisor of 340 and 1724905.
85
Calculate the greatest common factor of 132 and 6963.
33
What is the highest common divisor of 27286 and 70?
14
What is the greatest common divisor of 17 and 1931591?
17
What is the highest common factor of 541 and 3501893?
541
What is the greatest common factor of 28677 and 297?
33
What is the greatest common divisor of 67784 and 592?
296
What is the highest common divisor of 532 and 2742992?
532
What is the highest common factor of 372160 and 960?
320
Calculate the greatest common factor of 1386 and 2271192.
462
What is the highest common factor of 1232 and 21?
7
Calculate the greatest common factor of 8599 and 25.
1
What is the highest common divisor of 6095 and 61745?
265
Calculate the highest common factor of 4200 and 40425.
525
Calculate the highest common factor of 28712 and 194.
194
What is the highest common factor of 42 and 1209138?
42
Calculate the highest common divisor of 179685 and 20691.
1089
Calculate the highest common factor of 1364 and 132.
44
What is the highest common factor of 2160 and 7965?
135
What is the highest common divisor of 40 and 18830?
10
Calculate the highest common divisor of 20472 and 6.
6
What is the highest common factor of 106 and 228218?
106
What is the greatest common factor of 250523 and 273?
91
What is the highest common divisor of 84654 and 6?
6
What is the greatest common factor of 44 and 181980?
4
Calculate the highest common divisor of 752 and 13348.
188
What is the highest common factor of 102 and 1289943?
51
Calculate the greatest common factor of 22374 and 1562.
22
What is the highest common factor of 202 and 2571056?
202
What is the highest common divisor of 31 and 272676?
31
What is the highest common divisor of 1694 and 19866?
154
Calculate the greatest common factor of 28 and 3072.
4
Calculate the highest common divisor of 32 and 6216.
8
What is the highest common factor of 11129608 and 7?
7
Calculate the highest common factor of 7700 and 590.
10
What is the highest common divisor of 16055 and 855?
95
What is the greatest common factor of 24 and 1875288?
24
Calculate the greatest common divisor of 714 and 757962.
102
Calculate the highest common divisor of 18 and 566.
2
Calculate the highest common divisor of 2466 and 54.
18
Calculate the greatest common divisor of 358706 and 1634.
86
What is the greatest common divisor of 18 and 30684?
6
What is the highest common divisor of 244330 and 1325?
265
What is the highest common factor of 1076 and 3497?
269
What is the greatest common divisor of 26792 and 2108?
68
Calculate the greatest common divisor of 1206525 and 50.
25
Calculate the greatest common divisor of 215917 and 221.
221
What is the greatest common divisor of 2901185 and 5?
5
What is the highest common divisor of 161998 and 10486?
214
What is the greatest common factor of 6732 and 154?
22
What is the highest common factor of 178822 and 2716?
14
Calculate the highest common factor of 38036 and 740.
148
What is the greatest common divisor of 4301696 and 28?
28
What is the greatest common divisor of 130 and 936715?
65
Calculate the greatest common divisor of 834525 and 450.
225
Calculate the highest common factor of 195293 and 63.
7
Calculate the greatest common factor of 499 and 4406669.
499
What is the greatest common divisor of 906747 and 3155?
631
What is the highest common divisor of 263337 and 1464?
183
What is the highest common factor of 6633 and 5751?
9
Calculate the highest common factor of 5252 and 30704.
404
What is the greatest common factor of 190 and 5605?
95
Calculate the greatest common divisor of 1516 and 2417641.
379
What is the highest common factor of 11 and 176396?
11
Calculate the greatest common divisor of 467409 and 6.
3
What is the highest common divisor of 75500 and 1000?
500
Calculate the highest common factor of 573907 and 111.
37
Calculate the greatest common factor of 7680 and 3888.
48
What is the highest common factor of 162 and 445743?
81
What is the greatest common divisor of 6969535 and 3446?
1723
What is the greatest common factor of 3294678 and 227?
227
Calculate the greatest common factor of 20 and 227716.
4
Calculate the greatest common factor of 76982 and 304142.
1262
Calculate the highest common divisor of 43393 and 7.
7
What is the highest common factor of 87650 and 25?
25
What is the greatest common factor of 196 and 2689316?
196
What is the highest common divisor of 639185 and 5?
5
What is the greatest common factor of 138 and 19446?
6
What is the greatest common factor of 27 and 776385?
27
Calculate the highest common divisor of 184880 and 272.
16
Calculate the greatest common divisor of 420 and 5964.
84
What is the greatest common factor of 47232 and 120?
24
Calculate the highest common factor of 696 and 2767064.
232
Calculate the highest common factor of 3660870 and 60.
30
Calculate the greatest common divisor of 434 and 4970.
14
Calculate the highest common divisor of 2172 and 789.
3
What is the highest common divisor of 3672 and 10152?
216
Calculate the greatest common divisor of 396 and 29898.
198
Calculate the greatest common divisor of 359340 and 318.
318
Calculate the highest common divisor of 67821 and 2405.
481
Calculate the highest common divisor of 707808 and 192.
96
Calculate the greatest common divisor of 5 and 385945.
5
What is the highest common divisor of 93 and 4461?
3
Calculate the greatest common divisor of 32 and 18832.
16
What is the greatest common factor of 21963 and 9?
3
What is the greatest common factor of 21 and 327189?
3
Calculate the highest common divisor of 1300192 and 369.
41
What is the highest common divisor of 684316 and 8?
4
Calculate the highest common divisor of 47288 and 184.
184
What is the greatest common factor of 116 and 133603?
29
Calculate the greatest common factor of 34755 and 168.
21
What is the greatest common divisor of 1182319 and 226?
113
Calculate the greatest common factor of 22 and 392579.
11
Calculate the greatest common factor of 2269517 and 578.
289
What is the greatest common factor of 6800 and 5304?
136
What is the highest common factor of 245 and 10339?
49
What is the greatest common divisor of 27 and 18047?
1
Calculate the highest common factor of 1214670 and 285.
285
Calculate the highest common divisor of 673 and 15941351.
673
What is the greatest common factor of 2902 and 4354451?
1451
Calculate the highest common factor of 735 and 686805.
105
What is the greatest common factor of 45211 and 3509?
29
What is the greatest common divisor of 337 and 2518064?
337
Calculate the highest common divisor of 49504 and 714.
238
What is the greatest common factor of 11189 and 2672?
167
Calculate the highest common divisor of 18231 and 472.
59
What is the greatest common divisor of 23 and 29371?
23
Calculate the highest common factor of 50577 and 552.
69
Calculate the highest common divisor of 729 and 19485441.
729
What is the greatest common divisor of 23329 and 331727?
569
What is the greatest common divisor of 27634 and 205?
41
Calculate the greatest common factor of 704 and 162976.
352
Calculate the greatest common divisor of 1788 and 11796.
12
Calculate the highest common divisor of 345 and 173259.
69
Calculate the highest common divisor of 2067 and 7473.
159
What is the highest common factor of 1300 and 20150?
650
What is the highest common divisor of 2675 and 6575?
25
What is the greatest common divisor of 161501 and 580?
29
Calculate the highest common factor of 623 and 1871759.
89
Calculate the greatest common factor of 2140932 and 24.
12
What is the greatest common divisor of 150 and 49470?
30
Calculate the 